n 79550 is divided by 607?
33
Calculate the remainder when 44260 is divided by 14145.
1825
What is the remainder when 26841 is divided by 545?
136
Calculate the remainder when 141817 is divided by 45.
22
What is the remainder when 12766 is divided by 266?
264
Calculate the remainder when 161919 is divided by 46.
45
Calculate the remainder when 2754 is divided by 891.
81
What is the remainder when 36029 is divided by 226?
95
Calculate the remainder when 15111 is divided by 304.
215
What is the remainder when 198011 is divided by 11?
0
What is the remainder when 114139 is divided by 878?
877
Calculate the remainder when 17550 is divided by 5848.
6
Calculate the remainder when 36862 is divided by 192.
190
What is the remainder when 4455 is divided by 1109?
19
Calculate the remainder when 17868 is divided by 135.
48
What is the remainder when 13844 is divided by 195?
194
Calculate the remainder when 2834 is divided by 812.
398
What is the remainder when 816 is divided by 198?
24
What is the remainder when 46218 is divided by 5132?
30
Calculate the remainder when 162855 is divided by 590.
15
What is the remainder when 496772 is divided by 82795?
2
What is the remainder when 21873 is divided by 995?
978
What is the remainder when 525 is divided by 160?
45
Calculate the remainder when 98534 is divided by 109.
107
Calculate the remainder when 1456 is divided by 79.
34
Calculate the remainder when 2542 is divided by 2463.
79
Calculate the remainder when 6798 is divided by 278.
126
Calculate the remainder when 25323 is divided by 4217.
21
What is the remainder when 537 is divided by 39?
30
What is the remainder when 17649 is divided by 3989?
1693
What is the remainder when 4959 is divided by 1645?
24
What is the remainder when 20734 is divided by 319?
318
Calculate the remainder when 6322 is divided by 27.
4
Calculate the remainder when 33792 is divided by 42.
24
Calculate the remainder when 60140 is divided by 1019.
19
What is the remainder when 64332 is divided by 4020?
12
What is the remainder when 14199 is divided by 2027?
10
What is the remainder when 392718 is divided by 32?
14
Calculate the remainder when 99711 is divided by 608.
607
What is the remainder when 168851 is divided by 49?
46
Calculate the remainder when 3139 is divided by 64.
3
Calculate the remainder when 6955 is divided by 59.
52
Calculate the remainder when 326419 is divided by 13600.
19
Calculate the remainder when 4369331 is divided by 316.
315
What is the remainder when 55125 is divided by 28?
21
What is the remainder when 113516 is divided by 42?
32
Calculate the remainder when 39467 is divided by 6577.
5
What is the remainder when 30373 is divided by 119?
28
What is the remainder when 8207 is divided by 2002?
199
What is the remainder when 136 is divided by 6?
4
What is the remainder when 1021 is divided by 506?
9
Calculate the remainder when 9242 is divided by 2093.
870
Calculate the remainder when 718 is divided by 17.
4
Calculate the remainder when 52011 is divided by 26004.
3
Calculate the remainder when 456 is divided by 38.
0
Calculate the remainder when 28209 is divided by 39.
12
What is the remainder when 72190 is divided by 8?
6
Calculate the remainder when 34343 is divided by 206.
147
What is the remainder when 2073 is divided by 243?
129
Calculate the remainder when 1726 is divided by 347.
338
Calculate the remainder when 17516 is divided by 200.
116
What is the remainder when 112879 is divided by 94?
79
Calculate the remainder when 5341 is divided by 18.
13
Calculate the remainder when 14970 is divided by 4982.
24
Calculate the remainder when 6481 is divided by 541.
530
Calculate the remainder when 32911 is divided by 68.
67
What is the remainder when 7436 is divided by 101?
63
Calculate the remainder when 652 is divided by 190.
82
What is the remainder when 26126 is divided by 142?
140
Calculate the remainder when 67975 is divided by 232.
231
What is the remainder when 1145 is divided by 33?
23
What is the remainder when 8617 is divided by 94?
63
What is the remainder when 160758 is divided by 1531?
3
What is the remainder when 22079 is divided by 10033?
2013
Calculate the remainder when 1100 is divided by 314.
158
Calculate the remainder when 13487 is divided by 193.
170
Calculate the remainder when 1663 is divided by 45.
43
What is the remainder when 20919 is divided by 62?
25
What is the remainder when 5160 is divided by 439?
331
What is the remainder when 17559 is divided by 3466?
229
Calculate the remainder when 59026 is divided by 1312.
1298
Calculate the remainder when 52907 is divided by 468.
23
What is the remainder when 2501937 is divided by 518?
515
What is the remainder when 9917 is divided by 62?
59
Calculate the remainder when 1013 is divided by 86.
67
Calculate the remainder when 94630 is divided by 24.
22
Calculate the remainder when 152123 is divided by 292.
283
What is the remainder when 12669 is divided by 343?
321
What is the remainder when 41043 is divided by 87?
66
What is the remainder when 1436 is divided by 530?
376
What is the remainder when 3794 is divided by 21?
14
Calculate the remainder when 27804 is divided by 50.
4
What is the remainder when 423563 is divided by 35?
28
Calculate the remainder when 25546 is divided by 70.
66
Calculate the remainder when 416074 is divided by 24.
10
What is the remainder when 22367 is divided by 48?
47
What is the remainder when 596307 is divided by 606?
3
Calculate the remainder when 7281 is divided by 81.
72
What is the remainder when 2361 is divided by 567?
93
Calculate the remainder when 1596 is divided by 390.
36
Calculate the remainder when 5119 is divided by 504.
79
Calculate the remainder when 9984 is divided by 1990.
34
What is the remainder when 2260 is divided by 584?
508
What is the remainder when 7520 is divided by 114?
110
What is the remainder when 23160 is divided by 74?
72
Calculate the remainder when 5671 is divided by 1885.
16
What is the remainder when 44634 is divided by 10?
4
What is the remainder when 284515 is divided by 71126?
11
What is the remainder when 2486 is divided by 1657?
829
What is the remainder when 16778 is divided by 80?
58
What is the remainder when 9077 is divided by 302?
17
Calculate the remainder when 4996 is divided by 25.
21
Calculate the remainder when 3036 is divided by 438.
408
What is the remainder when 6869 is divided by 29?
25
Calculate the remainder when 233129 is divided by 342.
227
Calculate the remainder when 4913 is divided by 2454.
5
What is the remainder when 40656 is divided by 373?
372
Calculate the remainder when 157978 is divided by 473.
469
Calculate the remainder when 10165 is divided by 5071.
23
Calculate the remainder when 3701 is divided by 84.
5
What is the remainder when 10372 is divided by 10268?
104
Calculate the remainder when 27055 is divided by 26859.
196
What is the remainder when 92896 is divided by 23?
22
What is the remainder when 11948 is divided by 200?
148
Calculate the remainder when 17956 is divided by 4.
0
Calculate the remainder when 8835 is divided by 4381.
73
Calculate the remainder when 5602 is divided by 706.
660
Calculate the remainder when 47262 is divided by 85.
2
What is the remainder when 81461 is divided by 427?
331
Calculate the remainder when 2756 is divided by 474.
386
Calculate the remainder when 34105 is divided by 17045.
15
What is the remainder when 271935 is divided by 112?
111
Calculate the remainder when 15175 is divided by 7582.
11
Calculate the remainder when 9401 is divided by 3602.
2197
Calculate the remainder when 175745 is divided by 1658.
1655
What is the remainder when 20998 is divided by 17?
3
Calculate the remainder when 13057 is divided by 256.
1
Calculate the remainder when 81483 is divided by 4526.
15
Calculate the remainder when 258 is divided by 6.
0
What is the remainder when 8079 is divided by 578?
565
What is the remainder when 336571 is divided by 15?
1
What is the remainder when 1179340 is divided by 6?
4
What is the remainder when 440 is divided by 190?
60
What is the remainder when 27867 is divided by 796?
7
Calculate the remainder when 1037 is divided by 80.
77
Calculate the remainder when 29052 is divided by 14510.
32
What is the remainder when 394776 is divided by 33?
